1383 composite?
True
Is 53357 composite?
True
Is 123167 a composite number?
True
Is 5069 composite?
True
Is 9673 a prime number?
False
Is 6347 composite?
True
Is 1036577 a prime number?
False
Is 20849 a composite number?
False
Is 551 composite?
True
Is 89489 composite?
True
Is 199003 a composite number?
True
Is 81439 a composite number?
False
Is 67973 composite?
True
Is 17926 composite?
True
Is 58009 prime?
False
Is 319367 composite?
True
Is 112862 prime?
False
Is 29485 composite?
True
Is 28007 prime?
False
Is 958 prime?
False
Is 4661 a prime number?
False
Is 64309 a prime number?
False
Is 312023 composite?
False
Is 1709443 a composite number?
False
Is 177553 composite?
False
Is 8513 composite?
False
Is 68073 a composite number?
True
Is 14981 prime?
False
Is 18339 a composite number?
True
Is 3511 composite?
False
Is 1921586 prime?
False
Is 57613 a composite number?
True
Is 1476697 prime?
False
Is 124649 prime?
False
Is 647 prime?
True
Is 252451 a prime number?
False
Is 58637 composite?
True
Is 667 a prime number?
False
Is 12227 prime?
True
Is 18247 composite?
True
Is 15307 prime?
True
Is 577219 composite?
False
Is 15511 prime?
True
Is 18301 prime?
True
Is 325931 composite?
True
Is 16418 a prime number?
False
Is 334447 a composite number?
False
Is 1879159 a prime number?
False
Is 47321 a composite number?
True
Is 753509 a composite number?
True
Is 8054 composite?
True
Is 36871 a prime number?
True
Is 142793 a composite number?
True
Is 3264631 composite?
False
Is 23329 a prime number?
False
Is 892579 composite?
False
Is 1697701 prime?
True
Is 254801 prime?
False
Is 1111 a composite number?
True
Is 170057 prime?
True
Is 787223 composite?
True
Is 100931 a composite number?
False
Is 80317 a composite number?
False
Is 6499 a prime number?
False
Is 287921 a composite number?
False
Is 372797 prime?
True
Is 3065 prime?
False
Is 82837 a prime number?
True
Is 194647 composite?
False
Is 1596587 a composite number?
True
Is 143131 prime?
False
Is 3689459 composite?
True
Is 557 a composite number?
False
Is 2189 composite?
True
Is 395377 a composite number?
False
Is 26099 a prime number?
True
Is 172687 a prime number?
True
Is 1438345 prime?
False
Is 252937 prime?
True
Is 25001 a composite number?
True
Is 210347 composite?
False
Is 26903 a prime number?
True
Is 939767 a composite number?
False
Is 12071 composite?
False
Is 51763 a composite number?
True
Is 17167 a composite number?
False
Is 11311 prime?
True
Is 1367 prime?
True
Is 521 a composite number?
False
Is 71989 prime?
False
Is 19535 composite?
True
Is 1726513 a composite number?
False
Is 7741 a composite number?
False
Is 66839 composite?
True
Is 2515 a composite number?
True
Is 129697 prime?
False
Is 13799 prime?
True
Is 19169 composite?
True
Is 4835 a prime number?
False
Is 1528273 composite?
True
Is 517007 a composite number?
True
Is 6953 a composite number?
True
Is 179969 a composite number?
False
Is 49222 a prime number?
False
Is 60253 a composite number?
True
Is 144379 composite?
False
Is 573 a composite number?
True
Is 5935 a composite number?
True
Is 2483 composite?
True
Is 63647 prime?
True
Is 22567 prime?
True
Is 99263 a prime number?
False
Is 2591 composite?
False
Is 141601 prime?
True
Is 93127 a composite number?
True
Is 798478 prime?
False
Is 26929 a composite number?
True
Is 479 prime?
True
Is 45061 prime?
True
Is 1291 composite?
False
Is 64517 a composite number?
True
Is 171131 a prime number?
True
Is 153589 a prime number?
True
Is 697 a composite number?
True
Is 1558747 a prime number?
False
Is 5633 a composite number?
True
Is 1949 prime?
True
Is 7253 a composite number?
False
Is 33591 a prime number?
False
Is 84386 prime?
False
Is 212039 a composite number?
False
Is 3407 a composite number?
False
Is 4051 a composite number?
False
Is 179041 a composite number?
False
Is 11695 a composite number?
True
Is 27227 prime?
False
Is 83429 composite?
True
Is 181411 composite?
True
Is 64693 a composite number?
False
Is 16673 a composite number?
False
Is 796583 composite?
False
Is 6769 a composite number?
True
Is 1217 a composite number?
False
Is 8861 a prime number?
True
Is 4082147 composite?
False
Is 3377 composite?
True
Is 8221 a composite number?
False
Is 46609 a composite number?
True
Is 147991 a composite number?
True
Is 2071319 prime?
True
Is 21533 a composite number?
True
Is 17843 prime?
False
Is 118127 a composite number?
False
Is 4621 a composite number?
False
Is 344509 composite?
True
Is 2342 a composite number?
True
Is 619481 prime?
False
Is 13963 a prime number?
True
Is 11197 composite?
False
Is 11771 a composite number?
True
Is 4073 composite?
False
Is 22961 a composite number?
False
Is 285877 a composite number?
True
Is 30647 composite?
True
Is 88267 composite?
True
Is 8111 prime?
True
Is 1084493 a composite number?
False
Is 304061 a composite number?
True
Is 5381 a composite number?
False
Is 12409 composite?
False
Is 399353 prime?
True
Is 275833 a prime number?
False
Is 1357 a composite number?
True
Is 11273 a composite number?
False
Is 20393 prime?
True
Is 3623 a composite number?
False
Is 3989 composite?
False
Is 1901 a composite number?
False
Is 62897 composite?
False
Is 3763493 a composite number?
True
Is 15653 a composite number?
True
Is 2411 a composite number?
False
Is 16255 a prime number?
False
Is 52387 a prime number?
True
Is 2159 a prime number?
False
Is 606307 a prime number?
False
Is 189919 a prime number?
False
Is 51713 prime?
True
Is 192893 a composite number?
True
Is 683 a composite number?
False
Is 317003 a composite number?
False
Is 673 prime?
True
Is 224897 prime?
True
Is 91997 a composite number?
False
Is 29077 a composite number?
False
Is 468107 composite?
False
Is 74963 a prime number?
False
Is 33661 a composite number?
True
Is 4817 prime?
True
Is 425371 composite?
True
Is 73583 a composite number?
False
Is 42591 composite?
True
Is 511891 a prime number?
True
Is 26861 prime?
True
Is 11401 a composite number?
True
Is 9571 composite?
True
Is 45403 composite?
False
Is 1179839 a composite number?
False
Is 90353 composite?
False
Is 20833 composite?
True
Is 25811 prime?
False
Is 1054451 a composite number?
True
Is 2743 a composite number?
True
Is 56617 composite?
True
Is 1188087 a composite number?
True
Is 19457 composite?
False
Is 162061 a composite number?
True
Is 66733 composite?
False
Is 138217 composite?
True
Is 49111 a composite number?
True
Is 66877 prime?
True
Is 149143 a composite number?
False
Is 20849 a composite number?
False
Is 34211 composite?
False
Is 12323 composite?
False
Is 5623 prime?
True
Is 1261 composite?
True
Is 54478 a prime number?
False
Is 230053 a prime number?
False
Is 26837 prime?
False
Is 76421 composite?
False
Is 230819 prime?
True
Is 120811 composite?
False
Is 8311 prime?
True
Is 166823 a prime number?
True
Is 44579 a prime number?
True
Is 66113 composite?
True
Is 156319 prime?
True
Is 9602 prime?
False
Is 78481 prime?
False
Is 31751 a composite number?
False
Is 1007 a composite number?
True
Is 132317 composite?
True
Is 107218 composite?
True
Is 379 a composite number?
False
Is 20663 composite?
False
Is 297079 a composite number?
False
Is 2705 composite?
True
Is 154153 a composite number?
False
Is 67103 a composite number?
False
Is 114883 a prime number?
True
Is 1072069 a prime number?
False
Is 1675141 prime?
False
Is 34249 a composite number?
True
Is 64481 a prime number?
False
Is 140549 prime?
True
Is 789359 composite?
True
Is 4111 a composite number?
False
Is 311189 composite?
False
Is 4341157 prime?
True
Is 191 prime?
True
Is 56229 composite?
True
Is 7669 prime?
True
Is 105097 prime?
True
Is 110315 a composite number?
True
Is 42659 a composite number?
True
Is 35663 a prime number?
False
Is 17961 prime?
False
Is 419 a composite number?
False
Is 376773 composite?
True
Is 2719213 composite?
True
Is 57457 composite?
False
Is 27338 composite?
True
Is 185441 prime?
True
Is 4919563 a composite number?
True
Is 2577167 composite?
False
Is 48349 a prime number?
False
Is 17417 a composite number?
False
Is 24431 a composite number?
True
Is 15094 composite?
True
Is 18101 a prime number?
False
Is 1556867 composite?
True
Is 4853 prime?
False
Is 3263 prime?
False
Is 294431 prime?
True
Is 48005 a prime number?
False
Is 3433 a prime number?
True
